{"id":7,"date":"2021-09-21T18:11:03","date_gmt":"2021-09-21T18:11:03","guid":{"rendered":"https:\/\/durocrom.cl\/?page_id=7"},"modified":"2022-06-17T16:44:04","modified_gmt":"2022-06-17T16:44:04","slug":"contacto","status":"publish","type":"page","link":"https:\/\/durocrom.cl\/?page_id=7","title":{"rendered":"Contacto"},"content":{"rendered":"\n<p><strong>Direcci\u00f3n<\/strong><br>An\u00edbal Za\u00f1artu 2637, Renca, Regi\u00f3n Metropolitana<\/p>\n\n\n\n<p><strong>Horas<\/strong><br><\/p>\n\n\n\n<p>Lunes\u2013Jueves: 8:00\u2013 17:00<\/p>\n\n\n\n<p>Viernes: 8:00 &#8211; 16:00<\/p>\n\n\n\n<p><strong>Tel\u00e9fono<\/strong><\/p>\n\n\n\n<p><mark style=\"background-color:rgba(0, 0, 0, 0);color:#0006a3\" class=\"has-inline-color\"><strong>(+56) 2 2646<\/strong> <strong>4395<\/strong><\/mark><\/p>\n\n\n\n<p><mark style=\"background-color:rgba(0, 0, 0, 0);color:#0006a3\" class=\"has-inline-color\"><strong>(+56) 2 2646<\/strong> <strong>4441<\/strong><\/mark><\/p>\n\n\n\n<p><mark style=\"background-color:rgba(0, 0, 0, 0);color:#0006a3\" class=\"has-inline-color\"><strong>(+56) 2 2646 4388<\/strong><\/mark><\/p>\n\n\n\n<p><strong>Correo<\/strong><\/p>\n\n\n\n<p><a href=\"mailto:ventas@durocrom.cl\">ventas@durocrom.cl<\/a><\/p>\n","protected":false},"excerpt":{"rendered":"<p>Direcci\u00f3nAn\u00edbal Za\u00f1artu 2637, Renca, Regi\u00f3n Metropolitana Horas Lunes\u2013Jueves: 8:00\u2013 17:00 Viernes: 8:00 &#8211; 16:00 Tel\u00e9fono (+56) 2 2646 4395 (+56) 2 2646 4441 (+56) 2 2646 4388 Correo ventas@durocrom.cl<\/p>\n","protected":false},"author":1,"featured_media":71,"parent":0,"menu_order":0,"comment_status":"closed","ping_status":"closed","template":"","meta":{"footnotes":""},"class_list":["post-7","page","type-page","status-publish","has-post-thumbnail","hentry"],"_links":{"self":[{"href":"https:\/\/durocrom.cl\/index.php?rest_route=\/wp\/v2\/pages\/7","targetHints":{"allow":["GET"]}}],"collection":[{"href":"https:\/\/durocrom.cl\/index.php?rest_route=\/wp\/v2\/pages"}],"about":[{"href":"https:\/\/durocrom.cl\/index.php?rest_route=\/wp\/v2\/types\/page"}],"author":[{"embeddable":true,"href":"https:\/\/durocrom.cl\/index.php?rest_route=\/wp\/v2\/users\/1"}],"replies":[{"embeddable":true,"href":"https:\/\/durocrom.cl\/index.php?rest_route=%2Fwp%2Fv2%2Fcomments&post=7"}],"version-history":[{"count":4,"href":"https:\/\/durocrom.cl\/index.php?rest_route=\/wp\/v2\/pages\/7\/revisions"}],"predecessor-version":[{"id":104,"href":"https:\/\/durocrom.cl\/index.php?rest_route=\/wp\/v2\/pages\/7\/revisions\/104"}],"wp:featuredmedia":[{"embeddable":true,"href":"https:\/\/durocrom.cl\/index.php?rest_route=\/wp\/v2\/media\/71"}],"wp:attachment":[{"href":"https:\/\/durocrom.cl\/index.php?rest_route=%2Fwp%2Fv2%2Fmedia&parent=7"}],"curies":[{"name":"wp","href":"https:\/\/api.w.org\/{rel}","templated":true}]}}